 is divided by 107283?
0
What is the remainder when 616276 is divided by 306579?
3118
What is the remainder when 835366 is divided by 804?
10
Calculate the remainder when 1054524 is divided by 82.
4
What is the remainder when 108288 is divided by 465?
408
What is the remainder when 11028 is divided by 3328?
1044
What is the remainder when 132945370 is divided by 496?
10
Calculate the remainder when 13621814 is divided by 4065.
4064
What is the remainder when 419248 is divided by 46548?
316
Calculate the remainder when 30063745 is divided by 153.
10
Calculate the remainder when 32044017 is divided by 10431.
10416
What is the remainder when 593984 is divided by 163?
12
Calculate the remainder when 19472 is divided by 3331.
2817
Calculate the remainder when 315789 is divided by 767.
552
Calculate the remainder when 1189118 is divided by 1261.
1256
What is the remainder when 34935543 is divided by 5?
3
Calculate the remainder when 407380 is divided by 724.
492
What is the remainder when 146169 is divided by 8586?
207
What is the remainder when 2128237 is divided by 709376?
109
Calculate the remainder when 74061 is divided by 23.
1
Calculate the remainder when 367428 is divided by 2014.
880
Calculate the remainder when 1283832 is divided by 306.
162
Calculate the remainder when 16491118 is divided by 5356.
5350
Calculate the remainder when 373386 is divided by 11314.
24
Calculate the remainder when 70133 is divided by 3450.
1133
Calculate the remainder when 3565832 is divided by 9638.
9410
What is the remainder when 103638025 is divided by 3454600?
25
Calculate the remainder when 508378 is divided by 14525.
3
Calculate the remainder when 8552899 is divided by 712706.
427
Calculate the remainder when 1241088 is divided by 826.
436
What is the remainder when 1279131 is divided by 5137?
18
Calculate the remainder when 2833013 is divided by 52462.
65
What is the remainder when 1239227 is divided by 10?
7
Calculate the remainder when 34820751 is divided by 48.
15
Calculate the remainder when 1332756 is divided by 397.
27
What is the remainder when 1496 is divided by 644?
208
Calculate the remainder when 388176 is divided by 604.
408
What is the remainder when 5416463 is divided by 7783?
7278
Calculate the remainder when 671653 is divided by 1429.
23
Calculate the remainder when 667574 is divided by 11.
6
Calculate the remainder when 4728704 is divided by 795.
44
Calculate the remainder when 1578112 is divided by 642.
76
Calculate the remainder when 1439630 is divided by 287823.
515
Calculate the remainder when 1927721 is divided by 1732.
5
What is the remainder when 92342 is divided by 3657?
917
What is the remainder when 2235527 is divided by 140?
7
What is the remainder when 1286528846 is divided by 1969?
1967
What is the remainder when 54036 is divided by 547?
430
What is the remainder when 2304317 is divided by 385?
92
Calculate the remainder when 810609 is divided by 9.
6
Calculate the remainder when 179018 is divided by 88848.
1322
What is the remainder when 344260 is divided by 1267?
903
Calculate the remainder when 5609383 is divided by 106.
75
What is the remainder when 4382383 is divided by 1796?
143
Calculate the remainder when 432790 is divided by 498.
28
Calculate the remainder when 69931 is divided by 132.
103
What is the remainder when 10226575 is divided by 3408848?
31
Calculate the remainder when 30950446 is divided by 884298.
16
What is the remainder when 3605699 is divided by 3604964?
735
Calculate the remainder when 5857117 is divided by 1356.
553
What is the remainder when 26075 is divided by 25430?
645
What is the remainder when 21009804 is divided by 3001391?
67
What is the remainder when 337696 is divided by 4164?
412
What is the remainder when 28871 is divided by 12?
11
What is the remainder when 66346 is divided by 7829?
3714
What is the remainder when 884725 is divided by 294498?
1231
Calculate the remainder when 210828 is divided by 433.
390
What is the remainder when 757 is divided by 22?
9
Calculate the remainder when 23896107 is divided by 8808.
3
What is the remainder when 262270 is divided by 2649?
19
What is the remainder when 354704 is divided by 9360?
8384
Calculate the remainder when 816911 is divided by 2465.
996
What is the remainder when 15273363 is divided by 355193?
64
Calculate the remainder when 64685685 is divided by 738.
723
Calculate the remainder when 1070320 is divided by 1288.
1280
Calculate the remainder when 193166745 is divided by 538.
535
Calculate the remainder when 254802597 is divided by 3900.
3897
What is the remainder when 812349 is divided by 12?
9
What is the remainder when 102754506 is divided by 45750?
6
What is the remainder when 111940 is divided by 111609?
331
What is the remainder when 353874 is divided by 11793?
84
What is the remainder when 26942747 is divided by 1976?
1963
Calculate the remainder when 47666 is divided by 22289.
3088
What is the remainder when 1933528 is divided by 112?
72
Calculate the remainder when 87146 is divided by 625.
271
Calculate the remainder when 773259 is divided by 773117.
142
Calculate the remainder when 1156158 is divided by 496.
478
Calculate the remainder when 94111533 is divided by 223.
181
Calculate the remainder when 614092700 is divided by 32.
28
What is the remainder when 29985 is divided by 2724?
21
Calculate the remainder when 31408 is divided by 742.
244
Calculate the remainder when 546591151 is divided by 5144.
5143
What is the remainder when 85384 is divided by 2508?
112
Calculate the remainder when 18874910 is divided by 138786.
14
Calculate the remainder when 18031184 is divided by 435.
434
Calculate the remainder when 1249245 is divided by 249847.
10
Calculate the remainder when 1993341 is divided by 2070.
2001
What is the remainder when 641289 is divided by 2944?
2441
Calculate the remainder when 332048 is divided by 66355.
273
Calculate the remainder when 1132573 is divided by 344.
125
Calculate the remainder when 35680579 is divided by 28273.
53
Calculate the remainder when 617367006 is divided by 308683500.
6
Calculate the remainder when 752990 is divided by 73.
68
Calculate the remainder when 1780770 is divided by 99.
57
Calculate the remainder when 8260 is divided by 3171.
1918
Calculate the remainder when 16590444 is divided by 393.
342
Calculate the remainder when 86056 is divided by 86008.
48
Calculate the remainder when 1007496 is divided by 201454.
226
Calculate the remainder when 17996 is divided by 4389.
440
Calculate the remainder when 15877 is divided by 2740.
2177
What is the remainder when 1031630 is divided by 79352?
54
What is the remainder when 1727617 is divided by 33?
1
Calculate the remainder when 38181455 is divided by 27253.
2
Calculate the remainder when 7868445 is divided by 336.
333
What is the remainder when 12139196 is divided by 40?
36
Calculate the remainder when 715129 is divided by 47663.
184
What is the remainder when 647987 is divided by 1251?
1220
Calculate the remainder when 42020 is divided by 88.
44
Calculate the remainder when 254960 is divided by 625.
585
Calculate the remainder when 19787 is divided by 6515.
242
What is the remainder when 6015541 is divided by 2005141?
118
What is the remainder when 11545 is divided by 427?
16
Calculate the remainder when 177273 is divided by 35428.
133
Calculate the remainder when 47966 is divided by 381.
341
Calculate the remainder when 25315 is divided by 2570.
2185
What is the remainder when 49446 is divided by 3526?
82
Calculate the remainder when 133546 is divided by 26476.
1166
What is the remainder when 1264821 is divided by 1589?
1566
Calculate the remainder when 42264476 is divided by 225.
26
Calculate the remainder when 297851 is divided by 827.
131
What is the remainder when 3203601 is divided by 317?
316
What is the remainder when 433083 is divided by 166?
155
What is the remainder when 12360283 is divided by 43?
19
What is the remainder when 92880386 is divided by 4126?
0
Calculate the remainder when 323157 is divided by 323086.
71
Calculate the remainder when 96505966 is divided by 110.
106
What is the remainder when 475136 is divided by 12?
8
What is the remainder when 6998787 is divided by 1749639?
231
What is the remainder when 6534879 is d